 - 8) + 11
2
Calculate -7 - (-2 + 3 + -5) - -3.
0
Evaluate -12 + 4 + 25 + -8.
9
What is 5 - (-2 - -6 - -5)?
-4
What is the value of 3 + -15 + (60 - 42)?
6
Evaluate 0 - -3 - (1 - -2 - 0).
0
What is the value of 4 + (-2 + 4 - 5)?
1
What is the value of 2 - (9 + -6 + -1)?
0
Calculate 2 - -1 - (4 - 4).
3
Calculate 18 + -23 + -1 + (1 - -9).
4
What is 1 - 7 - (-14 + 1 + 14)?
-7
Calculate 19 + 1 + -5 - 8.
7
What is -4 - 1 - (0 - (0 + 1))?
-4
What is the value of 5 + -4 + (-9 - -2) + 10?
4
What is the value of (3 - 3 - (-1 + -1)) + 3?
5
What is 2 + 2 + (-2 - 4 - -10)?
8
Calculate (-6 - -11) + (-1 - -1).
5
Calculate (9 - ((2 - 3) + 6)) + -1.
3
What is (-27 - -21) + 3 + (1 - -4)?
2
Evaluate -4 + 0 - (0 + -3).
-1
What is (0 + 0 - -1) + (-26 - -29)?
4
What is 4 - -8 - 6 - 11?
-5
Calculate 8 + 0 + -11 - (3 + -5).
-1
What is the value of 7 - (-4 + 4 + 4)?
3
What is the value of -4 + (-5 - -5) + 4 + -2?
-2
5 - (-3 - (0 - 3)) - 1
4
2 + -2 + 1 - (-35 - -34)
2
What is the value of -6 + (14 - (-2 - -9))?
1
Calculate 4 + (-2 - (3 - 5)) + -1.
3
Evaluate (-9 - -12) + (-6 - 0).
-3
What is the value of 4 - (10 + 3) - 0 - -5?
-4
Calculate -2 - (3 + 1 + -3).
-3
What is 2 - (4 - (4 - (7 + -1)))?
-4
Evaluate -4 + -1 + (7 - 4) - 0.
-2
Evaluate (-14 - -10 - 2) + 12.
6
What is (-23 - -12) + 17 + -4?
2
What is the value of 0 + -1 + (4 - (2 - 0))?
1
Evaluate -2 + 0 - -5 - (-19 + 18).
4
What is 7 + 0 + -1 - 7 - -10?
9
(-4 - -2 - 1 - 1) + -1
-5
Calculate 11 - 22 - (4 - 18).
3
-2 + (2 - 4 - -4)
0
Evaluate 1 + -1 + -9 + (18 - 12).
-3
What is (-6 - (0 + 1)) + -2 + 3?
-6
Calculate 2 + -8 - (-3 + (1 - 2)).
-2
1 + 7 - (-1 - (-1 - 3))
5
Evaluate (-1 - (0 - 6)) + (-1 - 0).
4
-4 - 1 - -3 - 1 - 1
-4
What is the value of (-3 + 5 - 1 - 4) + 0?
-3
What is the value of -4 + 2 - (0 + -1)?
-1
Calculate (4 + -10 - -4) + 2.
0
What is the value of (5 - -1 - 1 - 1) + 7?
11
What is the value of -9 + 5 + 4 + -5?
-5
Evaluate (14 - 5) + -3 + -7 + -7.
-8
4 + 1 + (-5 - 0) - -1
1
Calculate -7 + 7 + 0 + -4.
-4
What is the value of 12 + (-9 - (-11 + 14))?
0
What is the value of -3 + 3 + 0 + 1 + 0?
1
2 + -1 + 0 + 1
2
What is 1 - (-3 + 1) - (0 - 0)?
3
0 - ((6 - 7) + (-1 - 0))
2
What is -5 + -5 + 5 - -1?
-4
-2 + 2 - (7 - 6)
-1
Calculate (-3 - 1) + (6 - -1).
3
What is -4 - ((2 - (-4 - -9)) + 3)?
-4
What is 1 - (1 + (-4 - (-9 + 4)))?
-1
What is the value of -11 + 3 + 5 + (-1 - -3)?
-1
Evaluate 0 + -7 - (-20 - -10).
3
What is the value of -2 + (-4 - -6) - 4?
-4
-4 - (-3 - (-6 + 4))
-3
What is the value of 0 + -1 + -2 + (6 - 2)?
1
What is the value of 5 + 3 + -9 - 3?
-4
What is the value of (-1 - 5 - -14) + -11?
-3
Calculate (1 - (-1 - -2)) + (2 - 1).
1
8 - (6 + -1) - 4
-1
Calculate -8 - (-3 + -1 - (8 + -8)).
-4
What is -1 - 3 - (13 + -17) - 2?
-2
What is -5 + -2 + -4 + 7?
-4
Evaluate 4 - (5 + 3 + -3 - 5).
4
Evaluate 4 - -4 - (1 - -9).
-2
Evaluate -3 + (1 - -5 - (7 - 4)).
0
Calculate 0 - (-2 - -5) - (-5 + 0).
2
Calculate -6 + (-3 - -8) + -1.
-2
Calculate 11 + -3 - (-31 + 31).
8
Calculate 19 + 4 + -11 + -15.
-3
What is the value of 3 - -5 - (4 + 3 - 6)?
7
Evaluate 1 + -2 + 1 + -79 + 82.
3
Calculate (-16 - -12) + 1 + 3 + 2.
2
Evaluate -5 + -1 + 7 + (1 - 8).
-6
What is the value of -3 + (-1 - (4 - 10)) + -1?
1
What is -3 + 9 + (-2 + 0 - -4)?
8
What is (0 - 5) + 21 + (-30 - -15)?
1
Calculate 4 + -2 + (2 - 13 - -4).
-5
Calculate 1 - (2 + (5 - 4) + 0).
-2
What is 4 + -5 + (-1 - 1 - -7)?
4
Evaluate (5 + 0 - 8) + 4.
1
Evaluate 6 - (3 - (2 - (7 + -4))).
2
-3 + 8 - 13 - (-3 - 0)
-5
Evaluate -5 - ((-11 - -5) + 1 + 1).
-1
Calculate (2 - (6 + -4)) + 3.
3
(-4 - 0) + (-1 - -4)
-1
What is 4 - 2 - (8 - 5)?
-1
Calculate (5 - 6) + 10 - 3.
6
-8 - (4 + (5 - 17 - -3))
-3
Calculate -2 + 0 - (-2 + -3).
3
Calculate -2 - (-4 - (4 + -5)).
1
Calculate -8 + 13 + -11 + 0.
-6
Evaluate (-3 - (-1 + 0)) + (1 - -3).
2
Calculate -3 + 4 + (3 - 6) + 1.
-1
Evaluate -4 + (3 - -9) - 9.
-1
What is the value of -5 + (0 - (-4 - -2))?
-3
What is 3 - 4 - (6 - 2)?
-5
-2 + (0 + 1 + 4 - 4)
-1
(3 - 6) + 3 - 0 - 4
-4
What is the value of -2 + 1 + 0 + 2 + 1?
2
What is -4 - (-9 + 11 + 1)?
-7
Evaluate -8 + 1 + (-5 - -4).
-8
What is the value of 8 + 0 + -4 + 4 + -4?
4
Calculate (-2 - 1 - (-4 - -3)) + 5.
3
What is (-2 - -8) + 8 + -9?
5
Evaluate (-1 - -5 - (2 - -1)) + -3.
-2
What is 49 + -49 + (-6 + 1 - -3)?
-2
Calculate -80 + 82 + (-2 - 0) + -7.
-7
Evaluate -3 - (-7 - 1 - (1 - 2)).
4
What is 3 + 1 + -4 + 11 + -10?
1
Calculate (-1 - (-6 + 4)) + 5.
6
Calculate -13 + 8 + -1 + (2 - -3).
-1
Evaluate (5 - -1) + (5 - 9) + 0.
2
Calculate 1 - (1 + -1 + -3 + 2).
2
What is the value of -9 + 11 + -5 + -1 + 8?
4
0 + -1 + 3 + 8 + -5
5
What is the value of -8 - (4 - -2 - 12)?
-2
Evaluate 5 + (-1 - -3) + -1 + -3.
3
Evaluate -1 + (-2 - (10 - 6)).
-7
Evaluate (15 - 17) + 0 + -1 + -1.
-4
Evaluate 12 - (1 - -3 - 7 - -7).
8
(-1 - (7 - 6)) + -2
-4
What is the value of 23 + (7 - 19) + -2?
9
Evaluate 8 + -8 - (4 - 2).
-2
-1 - (1 + -1 - 5 - -3)
1
Calculate -4 - 0 - (-2 + 2 + 1).
-5
-2 - -10 - ((-9 - -1) + 8)
8
Calculate (-3 - 3 - -2) + 1.
-3
What is -3 - (5 - (-2 + 7 + 0))?
-3
What is the value of (8 - 2) + -6 + -3?
-3
What is the value of 4 + 0 + -6 + 5 + -4?
-1
-8 - -17 - (8 - 2)
3
Evaluate (1 + -3 - -1 - -4) + 2.
5
What is (6 - (3 - -3) - 1) + 4?
3
What is 4 + -7 - (1 + -3)?
-1
What is (12 + -17 - (-4 + 2)) + 5?
2
Calculate (1 - 8) + 8 - (0 - 0).
1
(14 + -7 - 1) + -13
-7
What is the value of -2 + (2 + -3 - 1)?
-4
Evaluate -6 - (5 - 3 - 12).
4
What is -4 + -2 + (-1 - -3)?
-4
What is the value of 1 - (-6 - -1 - -8)?
-2
What is the value of 1 + -9 + -21 + 29?
0
(-9 - -10) + 8 - 11
-2
What is the value of -4 - (0 + (-9 - -4))?
1
Evaluate 4 + (1 - (-1 + 3)) - -1.
4
Calculate -5 - ((-10 - -11) + (-1 - 0)).
-5
What is 18 + (8 - 21) - 12?
-7
Calculate 0 - -2 - (8 + 2 + -3).
-5
Calculate 2 - 1 - (7 + -4).
-2
What is (-1 - (2 + -3)) + -5?
-5
What is the value of -23 + 5 - (-28 + 18)?
-8
Evaluate (0 + 0 - 0) + 1 + 2.
3
What is 2 + 6 + -3 + 2 + 0?
7
What is 1 - -1 - (17 + -31 - -26)?
-10
(2 - (5 + -10)) + -5
2
Evaluate (-19 - -12) + -1 + (0 - -4).
-4
What is 6 + (-1 - 0) - -4?
9
Evaluate 0 + -1 - (-17 + 1 - -12).
3
Evaluate ((2 - 2) + 3 - 5) + 3.
1
Calculate -3 - -11 - (5 - 2).
5
What is the value of 4 + (-3 - 0) + -5?
-4
What is the value of (-7 - -2) + 4 - -6?
5
Calculate 2 + -7 + (-4 - -8 - 2).
-3
Evaluate 0 - (13 + -7) - -1.
-5
Calculate 93 + -85 + (-9 - 0).
-1
Evaluate (15 - 6) + -17 - -7.
-1
10 - 1 - (-1 + -2 - -8)
4
Evaluate (0 - 4) + (10 - 4).
2
9 + (-2 - 3) - 2
2
What is 3 - (-9 + 6 + 3)?
3
80 - 84 - (-9 + 0)
5
Evaluate (-2 - (-4 + -3)) + -5.
0
(-8 - -2) + 10 + -6
-2
What is the value of 0 + -2 + (1 + -5 - -4)?
-2
What is 8 + -14 + 7 + (9 - 0)?
10
Evaluate (3 - -12) + -17 + 7.
5
Evaluate 2 + 0 + -5 - 0.
-3
What is the value of -7 - (-4 - (3 + 0))?
0
What is -5 + (8 + -4 - -6)?
5
Evaluate (2 + 2 - -4) + 1 + -1.
8
What is 6 - (-5 - (9 + -15))?
5
Evaluate 5 + -12 + 2 + 13.
8
5 - 2 - (-1 + 3 - -3)
-2
-2 - -1 - (-3 + (4 - 5))
3
What is (1 - -2 - (15 - 16)) + -4?
0
Evaluate -1 - (1 + 2 + 2 + -9).
3
What is 7 + -10 + 3 + 2?
2
What is the value of -10 + 5 + 2 + 9 + -8?
-2
What is the value of 2 + -5 + 5 - (-1 - -1)?
2
(-3 - -9 - 4) + 2
4
What is the value of -8 + 5 + (0 - 3) + 1?
-5
Evaluate 1 + 0 + 3 + -3 + -2.
-1
What is the value of -15 - -10 - (0 + -5)?
0
What is (0 - -3) + -29 + 24?
-2
What is -1 + 3 + -1 + -2 + 0?
-1
Evaluate -6 + 13 + (2 - 6).
3
What is the value of (9 - 4) + -9 - -10?
6
What is (5 - -3 - 1) + -3 + -3?
1
What is (4 - (0 + 10)) + (2 - -9)?
5
-2 + 6 + 2 + -7 + 6
5
Evaluate 2 - (-1 + 1 - (1 + -6)).
-3
Calculate -5 + 7 + -2 + 0.
0
Evaluate 0 + (5 - (3 + -1)).
3
Evaluate 4 + -1 + 2 + -1.
4
What is the value of 1 - -6 - (-5 - -9)?
3
Evaluate 1 + 1 + (12 - (-6 - -10)).
10
Evaluate 1 + (-4 - -3 - 1) + 6.
5
4 + 2 + (-3 - -2) + 0
5
What is the value of -5 + 1 + -5 + 3 + 1?
-5
What is the value of 8 - (-7 + 8 + 11)?
-4
Evaluate (7 - 1) + (-4 - -1).
3
(2 - -21) + -16 - (0 + 5)
2
-2 + -5 + (8 - (1 - -4))
-4
What is the value of 27 + -20 + -11 + 0?
-4
1 - ((3 - 4) + -2)
4
What is the value of 7 - 1 - (-4 + 3)?
7
0 + -4 + 7 - 8
-5
Calculate (-3 + -1 - -5) + (-5 - -6).
2
Calculate 3 - (12 - (-8 + 13)).
-4
Calculate -1 + (-5 - 1) + 80 + -78.
-5
Evaluate -2 - (-4 - (-3 + 2)).
1
Calculate 3